{"id":17,"date":"2025-03-11T14:19:21","date_gmt":"2025-03-11T13:19:21","guid":{"rendered":"https:\/\/aujardinboheme.fr\/?page_id=17"},"modified":"2025-04-30T14:14:52","modified_gmt":"2025-04-30T12:14:52","slug":"accueil","status":"publish","type":"page","link":"https:\/\/aujardinboheme.fr\/","title":{"rendered":"A propos"},"content":{"rendered":"\t\t<div data-elementor-type=\"wp-page\" data-elementor-id=\"17\" class=\"elementor elementor-17\">\n\t\t\t\t<div class=\"elementor-element elementor-element-91d0dde e-flex e-con-boxed wpr-particle-no wpr-jarallax-no wpr-parallax-no wpr-sticky-section-no wpr-equal-height-no e-con e-parent\" data-id=\"91d0dde\" data-element_type=\"container\" data-e-type=\"container\">\n\t\t\t\t\t<div class=\"e-con-inner\">\n\t\t\t\t<div class=\"elementor-element elementor-element-1fabddd elementor-widget elementor-widget-text-editor\" data-id=\"1fabddd\" data-element_type=\"widget\" data-e-type=\"widget\" data-widget_type=\"text-editor.default\">\n\t\t\t\t<div class=\"elementor-widget-container\">\n\t\t\t\t\t\t\t\t\t<p>Bonjour, je m&rsquo;appelle Ang\u00e9lina,<\/p>\n<p>Je suis actuellement porteuse de projet en cr\u00e9ation d&rsquo;une micro ferme florale avec l&rsquo;Association A petits Pas.<\/p>\n<p>Cette petite ferme florale, ou plut\u00f4t Jardin Bouquetier se situe \u00e0 Bacouel-sur-Selle dans la Vall\u00e9e de la Selle dans la Somme, aux abords de la maison familiale. J\u2019y cultive sur 300 m\u00b2 environ des fleurs de saisons, de la graine au bouquet en Culture 100% biologique, en fleurs fraiches et s\u00e9ch\u00e9es.<\/p>\n<p><span style=\"letter-spacing: 0px;\">L&rsquo;admiration pour les fleurs est n\u00e9e dans le jardin de ma grand-m\u00e8re maternelle o\u00f9 j\u2019y ai grandi. Apr\u00e8s ma grossesse de mon fils, et la connaissance du Slow Flower, la recherche d\u2019un terrain s&rsquo;est profil\u00e9e.\u00a0<\/span><\/p>\n<p>\u00a0Aujourd\u2019hui je peux cr\u00e9er mon petit univers et me promener en retrouvant toutes ces anciennes fleurs qu\u2019ont ne trouve pas chez les fleuristes, et o\u00f9 on n\u2019y trouve pas de pesticides qui d\u00e9truisent la faune, la flore et notre sant\u00e9.<span style=\"color: var( --e-global-color-text ); font-family: var( --e-global-typography-text-font-family ), Sans-serif; font-weight: var( --e-global-typography-text-font-weight ); text-align: var(--text-align); letter-spacing: 0px;\">\u00a0Cette petite ferme repr\u00e9sente mes valeurs et mon respect pour cette magnifique plan\u00e8te.\u00a0<\/span><\/p>\n<p><span style=\"color: var( --e-global-color-text ); font-family: var( --e-global-typography-text-font-family ), Sans-serif; font-weight: var( --e-global-typography-text-font-weight ); text-align: var(--text-align); letter-spacing: 0px;\">Les techniques de production et de fleuristerie je les ai apprises en me formant dans divers ateliers, formations aupr\u00e8s de professionnels dans diff\u00e9rentes r\u00e9gions de France et aupr\u00e8s de passionn\u00e9s, gr\u00e2ce \u00e0 des vid\u00e9os, des lectures etc&#8230;\u00a0<\/span><\/p>\t\t\t\t\t\t\t\t<\/div>\n\t\t\t\t<\/div>\n\t\t\t\t\t<\/div>\n\t\t\t\t<\/div>\n\t\t<div class=\"elementor-element elementor-element-1074c29 e-flex e-con-boxed wpr-particle-no wpr-jarallax-no wpr-parallax-no wpr-sticky-section-no wpr-equal-height-no e-con e-parent\" data-id=\"1074c29\" data-element_type=\"container\" data-e-type=\"container\">\n\t\t\t\t\t<div class=\"e-con-inner\">\n\t\t\t\t<div class=\"elementor-element elementor-element-4e8a0dc elementor-widget elementor-widget-image\" data-id=\"4e8a0dc\" data-element_type=\"widget\" data-e-type=\"widget\" data-widget_type=\"image.default\">\n\t\t\t\t<div class=\"elementor-widget-container\">\n\t\t\t\t\t\t\t\t\t\t\t\t\t\t\t<img fetchpriority=\"high\" decoding=\"async\" width=\"768\" height=\"1024\" src=\"https:\/\/aujardinboheme.fr\/wp-content\/uploads\/2025\/04\/20250423_181458-768x1024.jpg\" class=\"attachment-large size-large wp-image-1212\" alt=\"\" srcset=\"https:\/\/aujardinboheme.fr\/wp-content\/uploads\/2025\/04\/20250423_181458-768x1024.jpg 768w, https:\/\/aujardinboheme.fr\/wp-content\/uploads\/2025\/04\/20250423_181458-225x300.jpg 225w, https:\/\/aujardinboheme.fr\/wp-content\/uploads\/2025\/04\/20250423_181458-1152x1536.jpg 1152w, https:\/\/aujardinboheme.fr\/wp-content\/uploads\/2025\/04\/20250423_181458-1536x2048.jpg 1536w, https:\/\/aujardinboheme.fr\/wp-content\/uploads\/2025\/04\/20250423_181458-1140x1520.jpg 1140w, https:\/\/aujardinboheme.fr\/wp-content\/uploads\/2025\/04\/20250423_181458-scaled.jpg 1920w\" sizes=\"(max-width: 768px) 100vw, 768px\" \/>\t\t\t\t\t\t\t\t\t\t\t\t\t\t\t<\/div>\n\t\t\t\t<\/div>\n\t\t\t\t\t<\/div>\n\t\t\t\t<\/div>\n\t\t<div class=\"elementor-element elementor-element-d52b554 e-grid e-con-boxed wpr-particle-no wpr-jarallax-no wpr-parallax-no wpr-sticky-section-no wpr-equal-height-no e-con e-parent\" data-id=\"d52b554\" data-element_type=\"container\" data-e-type=\"container\">\n\t\t\t\t\t<div class=\"e-con-inner\">\n\t\t\t\t<div class=\"elementor-element elementor-element-8beaee3 elementor-widget elementor-widget-image\" data-id=\"8beaee3\" data-element_type=\"widget\" data-e-type=\"widget\" data-widget_type=\"image.default\">\n\t\t\t\t<div class=\"elementor-widget-container\">\n\t\t\t\t\t\t\t\t\t\t\t\t\t\t\t<img decoding=\"async\" width=\"768\" height=\"1024\" src=\"https:\/\/aujardinboheme.fr\/wp-content\/uploads\/2025\/04\/20250423_181509-768x1024.jpg\" class=\"attachment-large size-large wp-image-1213\" alt=\"\" srcset=\"https:\/\/aujardinboheme.fr\/wp-content\/uploads\/2025\/04\/20250423_181509-768x1024.jpg 768w, https:\/\/aujardinboheme.fr\/wp-content\/uploads\/2025\/04\/20250423_181509-225x300.jpg 225w, https:\/\/aujardinboheme.fr\/wp-content\/uploads\/2025\/04\/20250423_181509-1152x1536.jpg 1152w, https:\/\/aujardinboheme.fr\/wp-content\/uploads\/2025\/04\/20250423_181509-1536x2048.jpg 1536w, https:\/\/aujardinboheme.fr\/wp-content\/uploads\/2025\/04\/20250423_181509-1140x1520.jpg 1140w, https:\/\/aujardinboheme.fr\/wp-content\/uploads\/2025\/04\/20250423_181509-scaled.jpg 1920w\" sizes=\"(max-width: 768px) 100vw, 768px\" \/>\t\t\t\t\t\t\t\t\t\t\t\t\t\t\t<\/div>\n\t\t\t\t<\/div>\n\t\t\t\t<div class=\"elementor-element elementor-element-6fc737f elementor-widget elementor-widget-image\" data-id=\"6fc737f\" data-element_type=\"widget\" data-e-type=\"widget\" data-widget_type=\"image.default\">\n\t\t\t\t<div class=\"elementor-widget-container\">\n\t\t\t\t\t\t\t\t\t\t\t\t\t\t\t<img decoding=\"async\" width=\"768\" height=\"1024\" src=\"https:\/\/aujardinboheme.fr\/wp-content\/uploads\/2025\/04\/20250423_181544-768x1024.jpg\" class=\"attachment-large size-large wp-image-1215\" alt=\"\" srcset=\"https:\/\/aujardinboheme.fr\/wp-content\/uploads\/2025\/04\/20250423_181544-768x1024.jpg 768w, https:\/\/aujardinboheme.fr\/wp-content\/uploads\/2025\/04\/20250423_181544-225x300.jpg 225w, https:\/\/aujardinboheme.fr\/wp-content\/uploads\/2025\/04\/20250423_181544-1152x1536.jpg 1152w, https:\/\/aujardinboheme.fr\/wp-content\/uploads\/2025\/04\/20250423_181544-1536x2048.jpg 1536w, https:\/\/aujardinboheme.fr\/wp-content\/uploads\/2025\/04\/20250423_181544-1140x1520.jpg 1140w, https:\/\/aujardinboheme.fr\/wp-content\/uploads\/2025\/04\/20250423_181544-scaled.jpg 1920w\" sizes=\"(max-width: 768px) 100vw, 768px\" \/>\t\t\t\t\t\t\t\t\t\t\t\t\t\t\t<\/div>\n\t\t\t\t<\/div>\n\t\t\t\t<div class=\"elementor-element elementor-element-8591ac5 elementor-widget elementor-widget-image\" data-id=\"8591ac5\" data-element_type=\"widget\" data-e-type=\"widget\" data-widget_type=\"image.default\">\n\t\t\t\t<div class=\"elementor-widget-container\">\n\t\t\t\t\t\t\t\t\t\t\t\t\t\t\t<img loading=\"lazy\" decoding=\"async\" width=\"960\" height=\"720\" src=\"https:\/\/aujardinboheme.fr\/wp-content\/uploads\/2025\/04\/20250423_181553-1024x768.jpg\" class=\"attachment-large size-large wp-image-1216\" alt=\"\" srcset=\"https:\/\/aujardinboheme.fr\/wp-content\/uploads\/2025\/04\/20250423_181553-1024x768.jpg 1024w, https:\/\/aujardinboheme.fr\/wp-content\/uploads\/2025\/04\/20250423_181553-300x225.jpg 300w, https:\/\/aujardinboheme.fr\/wp-content\/uploads\/2025\/04\/20250423_181553-768x576.jpg 768w, https:\/\/aujardinboheme.fr\/wp-content\/uploads\/2025\/04\/20250423_181553-1536x1152.jpg 1536w, https:\/\/aujardinboheme.fr\/wp-content\/uploads\/2025\/04\/20250423_181553-2048x1536.jpg 2048w, https:\/\/aujardinboheme.fr\/wp-content\/uploads\/2025\/04\/20250423_181553-1140x855.jpg 1140w\" sizes=\"(max-width: 960px) 100vw, 960px\" \/>\t\t\t\t\t\t\t\t\t\t\t\t\t\t\t<\/div>\n\t\t\t\t<\/div>\n\t\t\t\t\t<\/div>\n\t\t\t\t<\/div>\n\t\t\t\t<\/div>\n\t\t","protected":false},"excerpt":{"rendered":"<p>Bonjour, je m&rsquo;appelle Ang\u00e9lina, Je suis actuellement porteuse de projet en cr\u00e9ation d&rsquo;une micro ferme florale avec l&rsquo;Association A petits Pas. Cette petite ferme florale, ou plut\u00f4t Jardin Bouquetier se situe \u00e0 Bacouel-sur-Selle dans la Vall\u00e9e de la Selle dans la Somme, aux abords de la maison familiale. J\u2019y cultive sur 300 m\u00b2 environ des fleurs de saisons, de la graine au bouquet en Culture 100% biologique, en fleurs fraiches et s\u00e9ch\u00e9es. L&rsquo;admiration pour les fleurs est n\u00e9e dans le jardin de ma grand-m\u00e8re maternelle o\u00f9 j\u2019y ai grandi. Apr\u00e8s ma grossesse de mon fils, et la connaissance du Slow Flower, la recherche d\u2019un terrain s&rsquo;est profil\u00e9e.\u00a0 \u00a0Aujourd\u2019hui je peux cr\u00e9er mon petit univers et me promener en retrouvant toutes ces anciennes fleurs qu\u2019ont ne trouve pas chez les fleuristes, et o\u00f9 on n\u2019y trouve pas de pesticides qui d\u00e9truisent la faune, la flore et notre sant\u00e9.\u00a0Cette petite ferme repr\u00e9sente mes valeurs et mon respect pour cette magnifique plan\u00e8te.\u00a0 Les techniques de production et de fleuristerie je les ai apprises en me formant dans divers ateliers, formations aupr\u00e8s de professionnels dans diff\u00e9rentes r\u00e9gions de France et aupr\u00e8s de passionn\u00e9s, gr\u00e2ce \u00e0 des vid\u00e9os, des lectures etc&#8230;\u00a0<\/p>\n","protected":false},"author":1,"featured_media":0,"parent":0,"menu_order":0,"comment_status":"closed","ping_status":"closed","template":"elementor_theme","meta":{"footnotes":""},"class_list":["post-17","page","type-page","status-publish","hentry"],"_links":{"self":[{"href":"https:\/\/aujardinboheme.fr\/index.php\/wp-json\/wp\/v2\/pages\/17","targetHints":{"allow":["GET"]}}],"collection":[{"href":"https:\/\/aujardinboheme.fr\/index.php\/wp-json\/wp\/v2\/pages"}],"about":[{"href":"https:\/\/aujardinboheme.fr\/index.php\/wp-json\/wp\/v2\/types\/page"}],"author":[{"embeddable":true,"href":"https:\/\/aujardinboheme.fr\/index.php\/wp-json\/wp\/v2\/users\/1"}],"replies":[{"embeddable":true,"href":"https:\/\/aujardinboheme.fr\/index.php\/wp-json\/wp\/v2\/comments?post=17"}],"version-history":[{"count":82,"href":"https:\/\/aujardinboheme.fr\/index.php\/wp-json\/wp\/v2\/pages\/17\/revisions"}],"predecessor-version":[{"id":1260,"href":"https:\/\/aujardinboheme.fr\/index.php\/wp-json\/wp\/v2\/pages\/17\/revisions\/1260"}],"wp:attachment":[{"href":"https:\/\/aujardinboheme.fr\/index.php\/wp-json\/wp\/v2\/media?parent=17"}],"curies":[{"name":"wp","href":"https:\/\/api.w.org\/{rel}","templated":true}]}}

<div data-elementor-type="wp-page" data-elementor-id="17" class="elementor elementor-17">
				<div class="elementor-element elementor-element-91d0dde e-flex e-con-boxed wpr-particle-no wpr-jarallax-no wpr-parallax-no wpr-sticky-section-no wpr-equal-height-no e-con e-parent" data-id="91d0dde" data-element_type="container" data-e-type="container">
					<div class="e-con-inner">
				<div class="elementor-element elementor-element-1fabddd elementor-widget elementor-widget-text-editor" data-id="1fabddd" data-element_type="widget" data-e-type="widget" data-widget_type="text-editor.default">
				<div class="elementor-widget-container">
									<p>Bonjour, je m&rsquo;appelle Angélina,</p>
<p>Je suis actuellement porteuse de projet en création d&rsquo;une micro ferme florale avec l&rsquo;Association A petits Pas.</p>
<p>Cette petite ferme florale, ou plutôt Jardin Bouquetier se situe à Bacouel-sur-Selle dans la Vallée de la Selle dans la Somme, aux abords de la maison familiale. J’y cultive sur 300 m² environ des fleurs de saisons, de la graine au bouquet en Culture 100% biologique, en fleurs fraiches et séchées.</p>
<p><span style="letter-spacing: 0px;">L&rsquo;admiration pour les fleurs est née dans le jardin de ma grand-mère maternelle où j’y ai grandi. Après ma grossesse de mon fils, et la connaissance du Slow Flower, la recherche d’un terrain s&rsquo;est profilée. </span></p>
<p> Aujourd’hui je peux créer mon petit univers et me promener en retrouvant toutes ces anciennes fleurs qu’ont ne trouve pas chez les fleuristes, et où on n’y trouve pas de pesticides qui détruisent la faune, la flore et notre santé.<span style="color: var( --e-global-color-text ); font-family: var( --e-global-typography-text-font-family ), Sans-serif; font-weight: var( --e-global-typography-text-font-weight ); text-align: var(--text-align); letter-spacing: 0px;"> Cette petite ferme représente mes valeurs et mon respect pour cette magnifique planète. </span></p>
<p><span style="color: var( --e-global-color-text ); font-family: var( --e-global-typography-text-font-family ), Sans-serif; font-weight: var( --e-global-typography-text-font-weight ); text-align: var(--text-align); letter-spacing: 0px;">Les techniques de production et de fleuristerie je les ai apprises en me formant dans divers ateliers, formations auprès de professionnels dans différentes régions de France et auprès de passionnés, grâce à des vidéos, des lectures etc&#8230; </span></p>								</div>
				</div>
					</div>
				</div>
		<div class="elementor-element elementor-element-1074c29 e-flex e-con-boxed wpr-particle-no wpr-jarallax-no wpr-parallax-no wpr-sticky-section-no wpr-equal-height-no e-con e-parent" data-id="1074c29" data-element_type="container" data-e-type="container">
					<div class="e-con-inner">
				<div class="elementor-element elementor-element-4e8a0dc elementor-widget elementor-widget-image" data-id="4e8a0dc" data-element_type="widget" data-e-type="widget" data-widget_type="image.default">
				<div class="elementor-widget-container">
															<img fetchpriority="high" decoding="async" width="768" height="1024" src="https://aujardinboheme.fr/wp-content/uploads/2025/04/20250423_181458-768x1024.jpg" class="attachment-large size-large wp-image-1212" alt="" srcset="https://aujardinboheme.fr/wp-content/uploads/2025/04/20250423_181458-768x1024.jpg 768w, https://aujardinboheme.fr/wp-content/uploads/2025/04/20250423_181458-225x300.jpg 225w, https://aujardinboheme.fr/wp-content/uploads/2025/04/20250423_181458-1152x1536.jpg 1152w, https://aujardinboheme.fr/wp-content/uploads/2025/04/20250423_181458-1536x2048.jpg 1536w, https://aujardinboheme.fr/wp-content/uploads/2025/04/20250423_181458-1140x1520.jpg 1140w, https://aujardinboheme.fr/wp-content/uploads/2025/04/20250423_181458-scaled.jpg 1920w" sizes="(max-width: 768px) 100vw, 768px" />															</div>
				</div>
					</div>
				</div>
		<div class="elementor-element elementor-element-d52b554 e-grid e-con-boxed wpr-particle-no wpr-jarallax-no wpr-parallax-no wpr-sticky-section-no wpr-equal-height-no e-con e-parent" data-id="d52b554" data-element_type="container" data-e-type="container">
					<div class="e-con-inner">
				<div class="elementor-element elementor-element-8beaee3 elementor-widget elementor-widget-image" data-id="8beaee3" data-element_type="widget" data-e-type="widget" data-widget_type="image.default">
				<div class="elementor-widget-container">
															<img decoding="async" width="768" height="1024" src="https://aujardinboheme.fr/wp-content/uploads/2025/04/20250423_181509-768x1024.jpg" class="attachment-large size-large wp-image-1213" alt="" srcset="https://aujardinboheme.fr/wp-content/uploads/2025/04/20250423_181509-768x1024.jpg 768w, https://aujardinboheme.fr/wp-content/uploads/2025/04/20250423_181509-225x300.jpg 225w, https://aujardinboheme.fr/wp-content/uploads/2025/04/20250423_181509-1152x1536.jpg 1152w, https://aujardinboheme.fr/wp-content/uploads/2025/04/20250423_181509-1536x2048.jpg 1536w, https://aujardinboheme.fr/wp-content/uploads/2025/04/20250423_181509-1140x1520.jpg 1140w, https://aujardinboheme.fr/wp-content/uploads/2025/04/20250423_181509-scaled.jpg 1920w" sizes="(max-width: 768px) 100vw, 768px" />															</div>
				</div>
				<div class="elementor-element elementor-element-6fc737f elementor-widget elementor-widget-image" data-id="6fc737f" data-element_type="widget" data-e-type="widget" data-widget_type="image.default">
				<div class="elementor-widget-container">
															<img decoding="async" width="768" height="1024" src="https://aujardinboheme.fr/wp-content/uploads/2025/04/20250423_181544-768x1024.jpg" class="attachment-large size-large wp-image-1215" alt="" srcset="https://aujardinboheme.fr/wp-content/uploads/2025/04/20250423_181544-768x1024.jpg 768w, https://aujardinboheme.fr/wp-content/uploads/2025/04/20250423_181544-225x300.jpg 225w, https://aujardinboheme.fr/wp-content/uploads/2025/04/20250423_181544-1152x1536.jpg 1152w, https://aujardinboheme.fr/wp-content/uploads/2025/04/20250423_181544-1536x2048.jpg 1536w, https://aujardinboheme.fr/wp-content/uploads/2025/04/20250423_181544-1140x1520.jpg 1140w, https://aujardinboheme.fr/wp-content/uploads/2025/04/20250423_181544-scaled.jpg 1920w" sizes="(max-width: 768px) 100vw, 768px" />															</div>
				</div>
				<div class="elementor-element elementor-element-8591ac5 elementor-widget elementor-widget-image" data-id="8591ac5" data-element_type="widget" data-e-type="widget" data-widget_type="image.default">
				<div class="elementor-widget-container">
															<img loading="lazy" decoding="async" width="960" height="720" src="https://aujardinboheme.fr/wp-content/uploads/2025/04/20250423_181553-1024x768.jpg" class="attachment-large size-large wp-image-1216" alt="" srcset="https://aujardinboheme.fr/wp-content/uploads/2025/04/20250423_181553-1024x768.jpg 1024w, https://aujardinboheme.fr/wp-content/uploads/2025/04/20250423_181553-300x225.jpg 300w, https://aujardinboheme.fr/wp-content/uploads/2025/04/20250423_181553-768x576.jpg 768w, https://aujardinboheme.fr/wp-content/uploads/2025/04/20250423_181553-1536x1152.jpg 1536w, https://aujardinboheme.fr/wp-content/uploads/2025/04/20250423_181553-2048x1536.jpg 2048w, https://aujardinboheme.fr/wp-content/uploads/2025/04/20250423_181553-1140x855.jpg 1140w" sizes="(max-width: 960px) 100vw, 960px" />															</div>
				</div>
					</div>
				</div>
				</div>

<p>Bonjour, je m&rsquo;appelle Angélina, Je suis actuellement porteuse de projet en création d&rsquo;une micro ferme florale avec l&rsquo;Association A petits Pas. Cette petite ferme florale, ou plutôt Jardin Bouquetier se situe à Bacouel-sur-Selle dans la Vallée de la Selle dans la Somme, aux abords de la maison familiale. J’y cultive sur 300 m² environ des fleurs de saisons, de la graine au bouquet en Culture 100% biologique, en fleurs fraiches et séchées. L&rsquo;admiration pour les fleurs est née dans le jardin de ma grand-mère maternelle où j’y ai grandi. Après ma grossesse de mon fils, et la connaissance du Slow Flower, la recherche d’un terrain s&rsquo;est profilée.   Aujourd’hui je peux créer mon petit univers et me promener en retrouvant toutes ces anciennes fleurs qu’ont ne trouve pas chez les fleuristes, et où on n’y trouve pas de pesticides qui détruisent la faune, la flore et notre santé. Cette petite ferme représente mes valeurs et mon respect pour cette magnifique planète.  Les techniques de production et de fleuristerie je les ai apprises en me formant dans divers ateliers, formations auprès de professionnels dans différentes régions de France et auprès de passionnés, grâce à des vidéos, des lectures etc&#8230; </p>
